 i be a(-2). Let o(t) = -t**3 - 5*t**2 + 6*t - 4. Calculate o(i).
-4
Suppose 4 + 6 = 5*h. Suppose 3*l = -0 + 6. Let u(o) = o**3 + 0*o - 3*o - o - 3*o**3 + 3*o**l + 3. What is u(h)?
-9
Let c(q) = 3*q + q - 3*q. Suppose -m = -i - i - 11, -12 = 4*i. Give c(m).
5
Let r(i) = -i**3 - 19*i**2 - 2 + 0*i**3 + 15*i**2 - 2*i. Let k be r(-4). Let h(t) = -t**3 + 5*t**2 + 6*t - 5. Determine h(k).
-5
Let g(r) = -1 - 2*r - r**2 + 2*r. Suppose -k + 0*k = -2. Calculate g(k).
-5
Let s(n) = -n - 32*n**3 + 7*n**3 + 15*n**3. Determine s(-1).
11
Suppose -24 - 11 = -7*a. Let d(w) = -w**2 + 6*w - 7. Determine d(a).
-2
Let u(k) = k**2 + k**3 - 2 - 2*k - 4*k + 5*k - 2*k. Determine u(-3).
-11
Let w be 1 - 0 - (5 + -2). Let b be 23/7 - w/(-7). Let f(x) = x**2 - 3*x - 3. Calculate f(b).
-3
Suppose 4*q - 11 = -2*j + 5*j, -5*j + 30 = 3*q. Let i = q + -9. Let u(x) = -x**3 - 4*x**2 - 4*x - 5. Determine u(i).
11
Let h(d) = -d - 2*d**2 + 5*d - 3 + d**2. Let q be 1 + 1 - (1 + -1). Let n be h(q). Let z(m) = m**3 - 2*m**2 + 1. Give z(n).
0
Let d(x) = -x**2 - 5*x + 6. Let u be (-3)/2*(-6)/9. Suppose 4*i + 19 = -u. Determine d(i).
6
Let c(p) = -p**2 - 4*p + 5. Let a be c(-4). Suppose -a*q + 9 - 39 = 0. Let z(f) = f**2 + 4*f - 8. Give z(q).
4
Let c = -4 - -7. Let i(g) = 0*g + c + 0*g + g + 1. What is i(-5)?
-1
Let m(n) = 14*n - 1. Let i(v) = v**3 + 8*v**2 - 22*v - 18. Let o be i(-10). Determine m(o).
27
Suppose 5 + 1 = s. Let j = s - 4. Let c(p) = 5 + 3 - 5 + p + 0 - p**j. Give c(0).
3
Suppose 3*z + 10 + 5 = 0, 0 = -2*u - 2*z + 2. Let i = -5 - -5. Let l be -1*(1 - (u + i)). Let v(x) = x**3 - 4*x**2 - 6*x + 4. What is v(l)?
-1
Let q(p) = 2 + 0*p + 3*p + 3 - 1. Give q(-6).
-14
Let j(c) = 5*c**2 - 21*c - 6. Let r(d) = -2*d**2 + 10*d + 3. Let k(x) = 3*j(x) + 7*r(x). Let h(w) = 2*w + 3. Let u be h(-4). Calculate k(u).
-7
Let k(d) = 5*d**2 + 12 + 6*d**2 + 10*d**2 - 20*d**2 - 11*d. What is k(8)?
-12
Let v be (-2 + (2 - 1))*-3. Let c(z) be the second derivative of -3/2*z**2 + 1/12*z**4 + 0*z**3 + 0 + 2*z. Calculate c(v).
6
Let s(b) be the first derivative of -b**2/2 + 6*b - 1. Suppose 3*u - 2*n + n = 6, -15 = -5*n. Suppose 0 = u*a - 2*a. Give s(a).
6
Let d(j) = 4*j + 9. Let w(t) = 2*t + 5. Suppose 6*g - 10*g - 20 = 0. Let m(o) = g*w(o) + 3*d(o). Give m(6).
14
Let r = -6 - -9. Let t(d) be the second derivative of -d**6/720 + d**5/40 + d**4/6 + 2*d. Let j(b) be the third derivative of t(b). Determine j(r).
0
Let i(z) be the second derivative of z**5/10 - z**3/6 + z**2/2 + 13*z. What is i(1)?
2
Let o(k) = -k**3 + 5*k**2 - 6*k + 1. Suppose -5*h + 4*s + 6 = -22, 0 = 5*s + 10. What is o(h)?
-7
Suppose u - 14 = -5. Let t(k) = k**2 - 9*k - 4 + u + 2*k. Let a = -180 - -185. Calculate t(a).
-5
Let x(k) = k + k**3 - 87 + 4*k**2 + 4*k**2 + 4*k + 79. What is x(-7)?
6
Suppose -y + 0*y = -7. Let s(i) = -2 - y*i + 20*i**2 - 2 + 3 - 1. Let b(x) = -10*x**2 + 4*x + 1. Let k(u) = -5*b(u) - 3*s(u). Determine k(-1).
-10
Suppose -11*g = -16*g - 30. Let z(p) be the first derivative of p**2/2 + 8*p + 2. What is z(g)?
2
Let i(h) be the first derivative of -4*h**2 + h - 2. What is i(-1)?
9
Let p(j) = j**3 + 6*j**2 + 7. Let l(h) = -h. Let u(t) = -3*l(t) + p(t). What is u(-6)?
-11
Let f(y) = y**2 - 7*y + 3. Let g(s) = -s**2 + 6*s - 3. Let m(q) = -3*f(q) - 4*g(q). Let x be 1/((-2)/(-8) - 0). Calculate m(x).
7
Let t = -3 + 5. Let x be (0 + 2 + -4)*-1. Suppose x*m = -t*m - 12. Let f(w) = -w**3 - 2*w**2 + w - 4. Give f(m).
2
Suppose -y - 15 = -2*v, -5*v - y + 10 = 2*y. Let m = 3 - v. Let x be (-1)/(m/8*1). Let r(f) = -f**3 + 4*f**2 + 2. Give r(x).
2
Let k(c) = 15*c - 21. Let x(b) = 4*b - 5. Let i(z) = 5*k(z) - 21*x(z). Give i(1).
-9
Let n(o) = -9*o - 15. Let q(p) = -4*p - 8. Let r(w) = -2*n(w) + 5*q(w). Calculate r(-7).
4
Suppose 0 = -0*m - 2*m. Suppose m = -n + 5*l - 0*l + 28, -2*n = l - 1. Let h(c) = 4 - 5 - n*c**3 - 3*c + c**2 + 4*c. What is h(1)?
-2
Let m(w) = 5*w - 23*w**2 + 22*w**2 + 5 - 2. Suppose 0 = -4*o + 8 + 8. What is m(o)?
7
Let y(l) = l**3 - 7*l**2 - l + 3. Let v(n) = -3*n - 56. Let g be v(-21). Determine y(g).
-4
Let u(q) = 5*q**2 - 1. Let k be u(1). Suppose 3*j - d = d + 7, k*j - d = 6. Let z(b) = -8*b**2 - b + 1. Calculate z(j).
-8
Let v(y) = 3*y - 1. Suppose -5*c + c - 4*i + 12 = 0, -i = 3*c - 7. Determine v(c).
5
Let z(n) = 5*n**2 + 1. Let r(x) = x + 12. Let l(c) = -c - 11. Let m = 8 - 3. Let h(k) = m*l(k) + 4*r(k). Let o be h(-6). Determine z(o).
6
Let q(c) = c**2 + 7*c - 3. Suppose 2*s = -2*a - 6, -3*a + 2*s + 5 = 29. What is q(a)?
-9
Suppose -5*w = -b + 21, 3*w - 2*w + 8 = 4*b. Let j be (-2 + b)/(-1 - 0). Let p(l) = -j - l - l + 4*l - l. Give p(-4).
-5
Let r(q) = -q**3 + 4*q**2 + 7*q - 5. Let s = -23 - -28. What is r(s)?
5
Let o be -1 - -1 - (2 - 5). Let j = 7 - o. Let c(l) = -l**2 + l**3 + 3*l**2 + j - 5. Calculate c(1).
2
Let o(w) = w + 4. Let d be o(-3). Let b be d*(-2)/(-1 - -2). Let q(x) be the second derivative of 2*x**3/3 + x**2 + 4*x. What is q(b)?
-6
Let n = 11 - 6. Let y(p) = 6*p - 5. Let x(l) = 13*l - 10. Let w(t) = 4*x(t) - 9*y(t). Give w(n).
-5
Let j(x) = 4 - 8*x - 2 - 12*x**2 + 11*x**2 - 5. Calculate j(-6).
9
Let m = -2 - -1. Let u(s) = -2*s**3 + 2*s + 1. Let q be u(m). Let p(z) = -3*z**2 + 0*z**2 - 2*z + z**3 - 2*z**2 + q. Calculate p(5).
-9
Suppose 0*g - 5*g - 125 = 0. Let t be 6/(-5)*g/10. Let j(p) = p**3 - 5*p**2 + 2*p + 4. Calculate j(t).
-8
Let f(t) be the first derivative of -t**3/3 + 3*t**2 - 4*t - 1. What is f(4)?
4
Let s(w) = 3*w + 1. Suppose -5*d - u = -3, -5*u - 3 = 7. Give s(d).
4
Let k(q) = 1. Let a(x) = -2*x - 2. Let v(l) = -l**3 + 7*l**2 - 6*l + 2. Let t be v(6). Let u(g) = t*k(g) + a(g). Give u(-5).
10
Let u = 7 - 3. Suppose -13 = -u*z + 3. Let o(w) = -7*w + 5 + 0*w - z. What is o(1)?
-6
Let l(t) = -2*t**2 + 2*t + 2. Let z(y) = 2*y**2 - y - 1. Let x(i) = -3*l(i) - 4*z(i). What is x(-2)?
-6
Let s be (5/(-2))/(1/2). Let w(t) be the third derivative of t**4/24 + 3*t**3/2 - t**2. Determine w(s).
4
Let g(p) = 3*p**2 - p. Let x be g(1). Let q(o) = 3*o - 3. Let v be q(x). Let f(h) = -6 + 6*h - 3*h - h**2 - v*h - h**3. What is f(0)?
-6
Let j(x) = -4*x + 2. Let t = 11 + -9. Calculate j(t).
-6
Suppose 4*c - 12 = -4*j, -5*j - 7*c + 5*c + 6 = 0. Suppose -i - 1 + 4 = j. Suppose -g + 6 = -i*g. Let v(m) = -2*m**2 - 3*m + 4. Determine v(g).
-5
Let y(a) be the second derivative of 0 + 3*a**2 + 1/3*a**3 - 3*a. What is y(-6)?
-6
Suppose 22 = -5*x + 2*w, 2*x + 6*w - 3*w = -5. Let j(k) = 27*k - 3. Let i(s) = -7*s + 1. Let o(v) = -15*i(v) - 4*j(v). What is o(x)?
9
Let a(k) be the second derivative of -k**5/5 - k**3/3 + k**2/2 + k + 32. Calculate a(1).
-5
Let i(m) = m**3 - 2*m**2 - 2*m + 1. Suppose 0 = 26*z - 3*z - 46. What is i(z)?
-3
Let y(d) be the second derivative of d**6/720 - d**5/20 - 5*d**4/12 + d. Let f(t) be the third derivative of y(t). What is f(5)?
-1
Let r = 0 - -2. Let p(o) be the third derivative of -o**5/60 + o**4/6 + 6*o**2. Determine p(r).
4
Let k(d) = -6*d + 5*d**2 - 5 - 4*d**2 + 4. Give k(6).
-1
Let z(b) = b**3 + 8*b**2 + b + 8. Let l be z(-8). Suppose l = -3*k - 3 - 0. Let o(f) be the first derivative of -3*f**2 - 4. Give o(k).
6
Let u(r) = r + 5. Let m be u(0). Let a(s) = s**3 - 6*s**2 + 4*s + 7. Let d be a(m). Let j(f) = 4*f - f - d*f. Give j(5).
5
Let p(s) = 7*s**3 - 5*s**2 + 6*s - 17. Let f(m) = 6*m**3 - 6*m**2 + 7*m - 16. Let v(t) = -6*f(t) + 5*p(t). Give v(10).
-9
Let l(x) = x**3 - 9*x**2 + 7*x + 5. Let k be l(8). Let f = 3 + k. Let n(t) = 3*t - 2*t + f*t - 2. What is n(5)?
3
Let f(q) = 3*q**3 - 2*q**2 + q + 9. Let a(k) = -2*k**3 + 3*k**2 - k - 8. Let i(p) = -4*a(p) - 3*f(p). Let o(z) = z - 23. Let s be o(17). Determine i(s).
-1
Let b = -10 - -12. Let u be 1/b*(2 + 0). Let r(s) = -2*s**2 - s + 1. Determine r(u).
-2
Let z(f) = 4*f**3 + 7*f**2 + 3*f + 17. Let t(d) = -3*d**3 - 5*d**2 - 2*d - 11. Let i(c) = 7*t(c) + 5*z(c). Calculate i(0).
8
Let u(h) = 10*h. Suppose -4*b + 139 - 19 = 0. Suppose -2*o - 32 + b = 0. What is u(o)?
-10
Let p(y) be the third derivative of -y**5/30 + 3*y**3/2 + y**2. Let i(t) = -t**2 + 5. Let r(b) = 7*i(b) - 4*p(b). Let a be 0 + -1*(-2 - 0). Determine r(a).
3
Let z(r) = -r + 3. Let x(o) = 2. Let g(n) = -3*x(n) + 2*z(n). What is g(-5)?
10
Let k(y) = -y + 12. Suppose -5*t = -2*l - 106, 0 = 3*t + 2*t - 5*l - 100. Let s = t + -16. Calculate k(